Let u(g) = -1744*g - 898216. What is u(-515)?
-56
Let p(y) = 3*y**2 + 129*y + 1182. What is p(-28)?
-78
Let q(j) = 8015*j - 1763274. What is q(220)?
26
Let u(b) = -4570*b + 86877. Calculate u(19).
47
Let u(m) = -m**3 + 25*m**2 - 192*m + 589. Calculate u(15).
-41
Let s(l) = 238*l**2 - 574*l - 11. Determine s(3).
409
Let z(o) = 13*o**3 - 14*o**2 - 25*o + 22. Give z(1).
-4
Let s(a) = a**3 - 51*a**2 + 488*a + 3071. What is s(34)?
11
Let n(f) = 6*f**2 - 52*f - 209. Give n(-6).
319
Let z(n) = -2*n**3 - 261*n**2 + 780*n + 57. Give z(3).
-6
Let o(c) = 9285*c + 111521. Give o(-12).
101
Let g(v) = 2194*v - 25816. Calculate g(11).
-1682
Let z(t) = -74*t**2 + 6650*t + 887. Calculate z(90).
-13
Let o(u) = u**3 - 13*u**2 - 837*u - 78. Determine o(-23).
129
Let j(p) = -4*p**2 - 1576*p - 1616. Give j(-393).
-44
Let j(c) = 310*c - 2849. Determine j(9).
-59
Let d(m) = -m**3 + 45*m**2 - 267*m + 1289. Give d(39).
2
Let x(b) = -b**3 - 9*b**2 - 49*b - 1143. Give x(-15).
942
Let t(o) = -o**3 - 11*o**2 + 908*o + 9302. Give t(-10).
122
Let y(v) = -3437*v**2 - 65287*v + 297. What is y(-19)?
-7
Let g(v) = -12*v**2 - 145*v + 1484. Determine g(6).
182
Let l(g) = g**3 + 151*g**2 + 735*g - 2. Give l(-5).
-27
Let v(f) = -f**3 + 118*f**2 + 3917*f - 423. What is v(145)?
-133
Let p(c) = 710*c + 50422. Calculate p(-71).
12
Let t(y) = -598*y + 23580. Give t(25).
8630
Let b(l) = -l**3 - 119*l**2 - 444*l + 52. Determine b(-4).
-12
Let g(v) = 9273*v - 11377981. What is g(1227)?
-10
Let v(o) = -2245*o - 78569. What is v(-35)?
6
Let o(x) = 50*x**3 + 4*x**2 + 15*x + 23. Calculate o(-2).
-391
Let x(d) = 1626*d - 76411. What is x(47)?
11
Let h(d) = d**2 + 2330*d - 73067. Determine h(31).
124
Let s(w) = -w**2 + 29729*w + 446156. Determine s(-15).
-4
Let s(x) = -39*x**3 + 552*x**2 - 1668*x. What is s(3)?
-1089
Let o(f) = -2*f**3 - 241*f**2 - 7208*f - 80. Determine o(-55).
85
Let m(q) = -56*q**2 - 6447*q - 953. Calculate m(-115).
-148
Let r(m) = -m**3 - 456*m**2 - 2208*m + 21325. What is r(-451)?
128
Let r(b) = 2*b**2 - 1130*b + 100094. Determine r(110).
-6
Let j(p) = -180*p - 2518. What is j(-9)?
-898
Let x(w) = -4*w**3 - 1179*w**2 - 883*w - 269. What is x(-294)?
25
Let c(u) = -7*u**2 + 823*u + 54738. Calculate c(165).
-42
Let b(y) = 2*y**2 - 81*y - 1401. Calculate b(55).
194
Let d(r) = -r**3 + 51*r**2 - 1174*r + 59856. Determine d(51).
-18
Let w(l) = -l**3 + 102*l**2 - 1072*l + 184. Give w(90).
904
Let a(x) = 13*x**3 - 5*x**2 + 20*x + 12. What is a(6)?
2760
Let u(p) = p**3 + 314*p**2 + 1877*p + 8989. What is u(-308)?
57
Let w(g) = -9307*g - 27880. Determine w(-3).
41
Let c(l) = -484717*l + 6301313. Determine c(13).
-8
Let x(h) = -h**3 - 89*h**2 - 237*h + 1916. Calculate x(-86).
110
Let b(x) = 3*x**3 + 51*x**2 + 351*x + 3151. What is b(-14)?
1
Let c(t) = -37847*t + 5. Calculate c(0).
5
Let w(m) = 47*m**3 + 2443*m**2 - 39*m + 54. Calculate w(-52).
-622
Let a(g) = -16*g**3 - 977*g**2 - 10*g + 211. Determine a(-61).
-2900
Let h(j) = 65*j**2 - 2428*j - 4194. What is h(39)?
-21
Let m(x) = 1270*x + 288258. Give m(-227).
-32
Let r(j) = 79779*j + 1436108. Give r(-18).
86
Let h(t) = 86*t + 14985. Determine h(-176).
-151
Let f(a) = -12*a**2 - 3836*a + 1301. What is f(-320)?
21
Let v(h) = 6*h**2 - 604*h - 6817. What is v(112)?
799
Let z(x) = -x**3 + 44*x**2 + 2710*x - 1955. Determine z(-35).
-30
Let t(b) = 34*b**2 + 1265*b + 44. Calculate t(-37).
-215
Let r(z) = -z**3 - 257*z**2 + 527*z + 2348. Calculate r(-259).
17
Let x(i) = -3*i**2 - 182*i - 1612. Calculate x(-58).
-1148
Let r(d) = -1520*d**2 + 27372*d - 25. Give r(18).
191
Let k(c) = 62*c**2 - 5571*c - 804. Determine k(90).
6
Let s(o) = 403*o + 9284. Give s(-22).
418
Let d(u) = 51*u**2 + 4176*u - 472. Calculate d(-82).
20
Let d(f) = -42*f**3 + 87*f**2 - 204*f + 118. Determine d(1).
-41
Let i(l) = -18*l**2 - 177*l - 263. Give i(-9).
-128
Let v(m) = -m**3 + 15*m**2 + 572*m + 783. Give v(33).
57
Let l(c) = c**3 + 26*c**2 + 23*c - 804. Give l(-21).
918
Let r(t) = 4007*t + 132202. What is r(-33)?
-29
Let j(w) = -51*w + 7595. Calculate j(141).
404
Let s(x) = 1966*x**2 - 7868*x + 18. Determine s(4).
2
Let i(w) = -1438*w**2 + 614033*w - 2992. Determine i(427).
-3
Let g(v) = -35*v**2 + 561*v + 35825. What is g(41)?
-9
Let a(c) = c**2 + 8*c - 51. Give a(-8).
-51
Let c(d) = 104*d**2 - 515*d - 542. Calculate c(6).
112
Let k(h) = -2*h**2 + 252*h - 5844. Calculate k(100).
-644
Let r(t) = -t**3 + 849*t**2 + 21855*t - 4374. What is r(874)?
-4
Let o(h) = -5029*h - 140792. Determine o(-28).
20
Let r(i) = -2706*i + 5237. Determine r(2).
-175
Let v(m) = 4153*m - 74607. Give v(18).
147
Let b(g) = -g**2 - 39*g + 5286. What is b(-96)?
-186
Let r(x) = -2*x**3 + 155*x**2 - 1176*x + 109. What is r(69)?
-98
Let r(l) = 628670*l + 25775490. Calculate r(-41).
20
Let b(j) = -j**3 + 2788*j**2 + 703892*j - 234. Give b(-233).
-1
Let x(o) = 17*o**2 + 3104*o + 29353. Determine x(-10).
13
Let l(o) = o**3 + 73*o**2 + 1203*o + 2600. What is l(-50)?
-50
Let i(q) = -q**2 + 1995283*q - 17957452. Give i(9).
14
Let x(b) = -2*b**3 + 88*b**2 - 167*b + 3220. Calculate x(43).
-263
Let j(x) = 6*x**2 + 619*x - 3668. What is j(-110)?
842
Let x(h) = -595*h + 3638. Determine x(5).
663
Let q(y) = 9*y**3 + 36*y**2 + 21*y + 85. What is q(-4)?
1
Let z(q) = 2*q**3 - 256*q**2 + 1423*q - 23752. What is z(123)?
-13
Let q(s) = -176*s**2 + 1776*s - 153. Determine q(10).
7
Let t(k) = k**3 + 12*k**2 + 317*k + 4339. What is t(-13)?
49
Let n(p) = p**3 - 3*p**2 + 176*p - 716. What is n(4)?
4
Let w(n) = 162*n + 14690. Give w(-91).
-52
Let m(j) = -290*j + 19714. Give m(68).
-6
Let l(a) = a**3 - 159*a**2 + 1481*a + 1213. Give l(149).
-128
Let i(u) = 27*u + 264. Determine i(-3).
183
Let p(y) = 3*y**3 + 37*y**2 - 75*y - 12. What is p(2)?
10
Let d(h) = 2*h**2 - 522*h - 466946. What is d(631)?
-6
Let q(j) = j**3 + 85*j**2 + 773*j + 49108. Give q(-83).
-1273
Let u(b) = -85405*b - 683236. Give u(-8).
4
Let q(v) = -v**3 - 5*v**2 + 446*v - 2941. Determine q(10).
19
Let n(v) = 26*v**2 - 6770*v - 89545. Give n(273).
-1
Let w(y) = 25*y**3 + 10*y**2 + 18*y - 5. Determine w(-3).
-644
Let s(u) = 2*u**3 - 60*u**2 + 201*u - 147. Determine s(26).
-329
Let b(w) = w**3 - 107*w**2 - 2554*w + 438. Determine b(127).
-1340
Let i(q) = 904*q + 37291. Give i(-41).
227
Let y(w) = w**2 - 119*w + 1203. Give y(22).
-931
Let n(v) = 62*v + 1823. What is n(-18)?
707
Let x(u) = -88*u**2 + 33*u + 89. Calculate x(-3).
-802
Let b(u) = 12*u**3 - 5*u**2 - 3784*u + 3790. Give b(1).
13
Let x(n) = 1520*n - 83598. What is x(55)?
2
Let s(p) = 128*p**2 + 8161*p + 74. Give s(-64).
2058
Let z(w) = -15511*w - 573905. Determine z(-37).
2
Let r(i) = -2*i**2 + 6129*i - 110098. Calculate r(18).
-424
Let o(d) = -16751*d - 33506. Determine o(-2).
-4
Let b(w) = -449*w**2 + 1445*w + 4341. Determine b(-3).
-4035
Let n(m) = -2*m**2 - 468*m + 100961. Determine n(-370).
321
Let b(a) = -3646*a - 14788. Give b(-4).
-204
Let x(j) = -21*j**2 + 885*j + 340. Determine x(43).
-434
Let i(z) = -214*z**3 + 23*z**2 + 31*z - 50. Give i(1).
-210
Let x(f) = -12*f**2 - 969*f + 3278. What is x(-84)?
2
Let h(c) = -17*c**2 - 1078*c - 14903. Calculate h(-43).
18
Let p(q) = -7534*q + 6453. What is p(1)?
-1081
Let b(u) = -u**2 + 794*u + 8873. Calculate b(-11).
18
Let q(w) = 580*w - 260. Calculate q(6).
3220
Let d(o) = 11157*o - 245481. Give d(22).
-27
Let o(b) = -b**2 - 1182*b - 26852. Determine o(-23).
-195
Let y(o) = 4*o**2 - 4388*o - 44234. Give y(-10).
46
Let p(y) = -54*y**3 + 167*y**2 - 9*y + 3. Determine p(3).
21
Let r(x) = 184*x - 36355. Give r(198).
77
Let g(j) = -123*j**3 + 986*j**2 - 33*j + 181. Determine g(8).
45
Let z(r) = -r**3 + 249*r**2 + 1527*r + 648. Give z(255).
-117
Let h(o) = -o**3 - 49*o**2 - 501*o - 284. Calculate h(-35).
101
Let d(v) = -17*v**2 - 397*v - 1037. What is d(-3)?
1
Let x(v) = -v**3 - 29*v**2 - 456*v - 2296. Calculate x(-8).
8
Let a(w) = 1402*w - 44831. What is a(32)?
33
Let x(u) = 33*u**2 - 3808*u + 73268. What is x(91)?
13
Let m(c) = 2*c**3 - 79*c**2 - 480*c + 9. Calculate m(-6).
-387
Let p(h) = -12*h**3 + 141*h**2 - 226*h + 1397. Give p(11).
0
Let k(o) = 4*o**2 - 179*o - 36. Give k(0).
-36
Let x(w) = 130*w**3 + 215*w - 10. What is x(0)?
-10
Let z(t) = -3444*t + 1026302. What is z(298)?
-10
Let p(s) = 37*s**3 - 100*s**2 + 63*s - 21. Give p(2).
1
Let v(l) 